 + v + 3. Suppose -2*d = 5*g - 15, -6*d + d + 24 = -g. Let h(c) = -6*c + 2. Let x be h(g). Give q(x).
15
Let b(m) = 5*m**2 + 4*m + 5. Let t(c) = -9*c**2 - 9*c - 9. Let k(w) = -11*b(w) - 6*t(w). Determine k(4).
23
Let o be 2/6 + 1/(-3). Suppose 0 = 4*u + 3*u + 12*u. Suppose o = q - u*q - 3. Let f(j) = j**2 - 4. Determine f(q).
5
Let o(u) = -3. Let c(k) = -4. Let p(s) = 2*c(s) - 3*o(s). Let v(l) = -3*l + 4. Let z(n) = 3*p(n) - v(n). What is z(-1)?
-4
Let q(z) = -z**3 - 6*z**2 - 2*z. Let p(g) = g - 8. Let b be p(2). Calculate q(b).
12
Let n = 195 + -184. Let b(d) = d**2 - 10*d - 3. Calculate b(n).
8
Let f(k) = -21*k + 7 + 23*k + 2*k**3 + 1 + 0*k**2 + 6*k**2 - k**3. Calculate f(-6).
-4
Let v(a) be the first derivative of 7*a**2/2 + a - 2. Suppose 0*o + 18 = -4*o + 5*m, 4*m - 18 = 5*o. Give v(o).
-13
Let m(h) = -2*h - 5. Let q be (10*16/40)/(-4 - -2). Give m(q).
-1
Let w = -137 - -142. Suppose 5 + 7 = 4*u. Suppose -w*x = -4*m + u, -2 = -x - 5*m - 20. Let l(o) = o**3 + 2*o**2 - 3*o + 3. Give l(x).
3
Let z(h) = -4*h**2 + 7 - 7 - 3 - h**3 + 0*h**3 + 5*h. Give z(-5).
-3
Let f(q) = -17*q - 3. Let a(d) = -10*d - 1. Let l(x) = -5*a(x) + 3*f(x). Give l(-8).
4
Let t(v) = 9 + 3*v - 1 - 2*v. Let g be (-6)/(-15) - 232/(-20). Let p be 4/(-2*4/g). What is t(p)?
2
Let d(i) be the second derivative of 1/12*i**4 + 2*i**2 - 9*i - 1/2*i**3 + 0. What is d(3)?
4
Let t(n) = n**2 - 4*n + 3. Let b be t(4). Let u(r) = -b*r - 3 - 2 + 0*r. Calculate u(-6).
13
Let h be -6*(-11)/66*2. Let l(w) = 6*w - 9. What is l(h)?
3
Let n(u) = -3*u + 3. Let l be (23 + -23)*(-2 - -1). Let c be (l + -1)/((4 - 3)/(-5)). Calculate n(c).
-12
Let g(r) = -3*r**3 - 6*r**2 - r - 2. Let d(u) = -10*u**3 - 18*u**2 - 4*u - 7. Let w(k) = -2*d(k) + 7*g(k). Give w(-6).
-6
Suppose -8*v + 10 + 14 = 0. Suppose 0 = -2*j - 4, v*j = 2*a - 13 - 3. Let s(i) = -i**2 + 2*i + 4. Give s(a).
-11
Let o(m) = 2*m**3 - m**2 + m - 1. Let a be (5 + -6)/((-3)/15). Suppose u + a*q + 22 = 3*q, -5*u = -q + 99. Let f = -19 - u. What is o(f)?
1
Let d be (-5 - -2) + -5 + 10. Let x be -2*(d + -3) - 0. Suppose 3*l - x*n + 1 = -3*n, n - 3 = -l. Let z(s) = -s**2 - 3*s - 2. Give z(l).
0
Let r = -227 - -229. Let b(g) be the first derivative of -g**3 - g**2/2 + 2*g - 3. Calculate b(r).
-12
Let v(p) = -p**3 + 6*p**2 + 7*p + 6. Let b be v(7). Let w(c) be the third derivative of c**5/60 - 7*c**4/24 + 4*c**3/3 - 340*c**2 + 1. Determine w(b).
2
Let s(o) = -o**3 - 7*o**2 - 10*o - 9. Let t be (0 - (-4)/(-10)) + (-672)/120. What is s(t)?
15
Let u(j) = -2*j**2 - 10*j. Let o = -764 - -759. Determine u(o).
0
Let v = 113 + -108. Let q(r) = 4*r + 1. What is q(v)?
21
Let z(s) = s**2 + s - 9. Let u(g) = -4*g**2 - 4*g + 48. Let y(j) = -u(j) - 5*z(j). What is y(-3)?
-9
Let g(f) = -2*f - 2. Suppose 4*v + 14 + 14 = -3*x, v = -4. Let s = 9 + x. Suppose 4*j + 4*d = 2*j - 12, -j - d - s = 0. What is g(j)?
6
Let b be ((-4)/8)/((-2)/8). Let i(m) = -40*m**2 - 6*m + 4 - 1 + 41*m**b. Suppose -6*q = -11*q + 20. Give i(q).
-5
Let u(p) = 3*p + 1. Let n(w) = -w**3 + 8*w**2 - 4*w - 12. Let i be n(7). Let j = -17 + i. Let c be (-9)/(-6)*j/3. Determine u(c).
-11
Let d(s) = s**2 + 8*s + 5. Let y be 2/(2/(-7)) + -1. Let a be d(y). Let f(g) = 1 + 2 + 0*g - 4*g - 5 + 5*g. Determine f(a).
3
Let r be 3 + 232/(-20) + 3*4/(-30). Let j(l) = -4*l - 3*l + 7 - l**2 + 6. What is j(r)?
-5
Let z(d) = 17*d - 55. Let f be z(3). Let w(u) = -6*u - 1. Determine w(f).
23
Let b(z) be the second derivative of 2/3*z**4 - 7/2*z**2 - 2/3*z**3 - 1/20*z**5 + 10*z + 0. Give b(7).
14
Let t(f) = 2 + 224*f**2 - 2 - 223*f**2 + 4 + 5*f. Give t(-2).
-2
Let v(f) = 3*f - 7. Let w be v(7). Suppose 4*d + w = 6*d. Suppose -n + d*n - 30 = 0. Let h(k) = -k + 9. Determine h(n).
4
Let f(r) be the third derivative of r**5/60 + r**4/8 - 4*r**3/3 - r**2. Let t(d) = 3*d + 18 - d**3 - 2*d - 12*d**2 + d. Let q be t(-12). Calculate f(q).
10
Suppose 0 = -6*f - 1 + 25. Let l be (f - (2 - (-1 + 1))) + 4. Let d(t) = 2*t + 1. What is d(l)?
13
Let s(t) = -8*t**2 + 9*t - 7*t + 5 - 3*t + t**3. Suppose 4*a = 6*a - 4*g - 36, a = -5*g - 17. Let w be s(a). Let k(r) = r. Calculate k(w).
-3
Let d(k) = -8*k**3 - 13*k**2 - 4*k + 25. Let q(h) = 5*h**3 + 7*h**2 + 2*h - 14. Let b(y) = -3*d(y) - 5*q(y). What is b(4)?
3
Let r(f) = 3*f + f**2 + 0 + 0*f**2 + 2. Let i(t) = t**2 + 6*t + 5. Let q be i(-3). Determine r(q).
6
Let x(v) be the first derivative of -2*v**3 - 1/24*v**4 + 0*v - 2*v**2 + 3 + 1/60*v**5. Let p(y) be the second derivative of x(y). Determine p(0).
-12
Let i(o) be the third derivative of -o**5/60 - 3*o**4/8 - o**3/3 + 79*o**2. Give i(-6).
16
Let m(a) = -2*a**3 + 7*a**2 + 5*a - 15. Let d be m(3). Let w(i) = i**2 - 8*i - 4. Calculate w(d).
5
Let a(h) = -18*h + 193. Let d be a(11). Let s(j) = -j**3 - 7*j**2 - 5. Calculate s(d).
-55
Suppose 28*z + 13*z + 492 = 0. Let c(l) = l**3 + 12*l**2 - l + 2. What is c(z)?
14
Suppose -2*l = 4*l. Let x be (-63)/(-6) + 6/4. Suppose l*m = 3*m - x. Let h(o) = o**2 - 3*o - 5. What is h(m)?
-1
Let b(p) = 0 - 6 - 3*p + 2*p + 3. Let g be 1/(-4) - 57/(-96)*-8. Calculate b(g).
2
Let i(h) be the third derivative of h**6/120 - h**5/10 - h**4/6 - 10*h**3/3 + 137*h**2. Determine i(7).
1
Let n(v) = 2*v - 4. Let o be n(3). Let s(h) = -h + 5 - o*h - h + 7*h. Determine s(-7).
-16
Let y(n) be the second derivative of -8*n - 2/3*n**3 + 0 + 1/4*n**4 - 1/60*n**5 - 3*n**2. Let u(m) be the first derivative of y(m). What is u(3)?
5
Suppose -3*m = -0*i + 3*i - 12, 2*i = m + 2. Let u(s) = 40 - 44 + s**2 + 0*s - m*s. What is u(4)?
4
Let j(m) = -m**3 + 5*m**2 + 3*m + 1. Suppose 0*v + 15 = a + 3*v, -5*a = 2*v - 49. Suppose -a*s + 11*s = 12. Determine j(s).
-17
Let u(y) = y**3 - 5*y**2 + 6*y - 5. Let i = 72 - 90. Let t = -14 - i. Give u(t).
3
Suppose 0 = 55*k - 43*k - 24. Let q(r) = -3*r**2 - 3*r + 2. Give q(k).
-16
Suppose j = -2*d + 5 - 19, 0 = -2*j + d - 3. Let n(h) = 9*h**3 - 9*h**2 - 3*h - 1. Let p(r) = -2*r**3 + r**2 - 1. Let m(w) = n(w) + 5*p(w). Determine m(j).
6
Let b = 663 + -669. Let t(k) = -k**2 - k + 15. Determine t(b).
-15
Let c be 2/5 - (-24)/15. Let q(b) = -c*b - 2 + b**2 - 2 - 3*b. Suppose 5*k + 14 - 49 = -2*v, -3*k - 2*v = -25. What is q(k)?
-4
Let v = 938 - 940. Let g(c) be the second derivative of -c**4/6 + c**3/6 - c**2 + 2*c. Give g(v).
-12
Let p(l) = -l**2 + 4*l + 3. Suppose -7*m + 2*m + 35 = 0. Let o(c) = -c**2 + 7*c - 5. Let r be o(m). Let j = 11 + r. What is p(j)?
-9
Let d(f) = 14*f + 14 - 272*f**2 - 27*f + 273*f**2. What is d(12)?
2
Let d(a) = -a**3 - a**2 - 2*a + 3. Let b(w) = -5*w - 157. Let f be b(-32). Calculate d(f).
-39
Let z(r) be the second derivative of 8*r**3/3 - r**2/2 - 10*r. Suppose 0 = -10*t - 18 + 8. Determine z(t).
-17
Let o be ((-18)/8)/((-6)/(-16)). Let n(l) = -3 - 8*l + 5 - 6 - l**2. Determine n(o).
8
Let s(g) = -g**2 - g + 1. Suppose 3*v = -v + 20. Suppose -8 = -v*r + 4*r - n, -r = -5*n - 20. Suppose -4*p + 2*a + 4 = -p, 0 = -2*a - r. What is s(p)?
-1
Suppose -19*o - 258 = -600. Let i(m) = m - 29. Give i(o).
-11
Let f(v) = 24 + 15*v**2 - 60*v + 46*v - 16*v**2. Calculate f(-15).
9
Let i(j) = 11*j**3 + 9*j**2 + 10*j + 20. Let h(b) = 2*b**3 + 1. Let v(p) = -6*h(p) + i(p). Calculate v(10).
14
Let z(a) = -a**3 + 5*a**2 - 6*a + 7. Let o = -451 + 455. Determine z(o).
-1
Let f(a) = a**3 - 8*a**2 - 8*a - 8. Let u be f(9). Let c(y) = -y - 1. Let r(i) = -10*i + 1. Let x(m) = u*r(m) - 2*c(m). Give x(2).
-13
Let m(k) = 44*k**2 + k + 1. Suppose 17*a = 27*a + 10. Calculate m(a).
44
Let n(c) be the second derivative of 1/12*c**4 + 0 - 8*c - 3/2*c**2 - 1/2*c**3. Determine n(6).
15
Let v(l) = -2*l + 44. Let y be v(18). Let f(c) = c**3 - 9*c**2 + 8*c + 5. Let n be f(y). Let q(k) = -k**3 + 6*k**2 - 6*k + 4. Calculate q(n).
-1
Let s(y) = y. Let a(l) = -l**2 + 4*l + 1. Let c(u) = a(u) - 6*s(u). Let i(b) be the first derivative of c(b). Let z = 329 - 326. Calculate i(z).
-8
Suppose 3*y - 5*y = 8, -y - 12 = 2*j. Let f(h) = 2*h - 5. Calculate f(j).
-13
Let q(h) be the third derivative of -1/30*h**5 - 1/120*h**6 + 5/24*h**4 + 0*h + 1/2*h**3 + 0 + 11*h**2. Calculate q(-4).
15
Let h be ((-26)/(-8) - 3) + 15/(-12). Let x(u) = 9*u**2 - u - 1. Determine x(h).
9
Suppose 0 = -198*c + 191*c - 21. Let q(j) = -2*j**2 + 2*j - 1. Give q(c).
-25
Let a(w) = 15*w**3 + 2*w**2 - 1. Suppose -37 = 29*g - 8. Calculat